emainder when 13 is divided by d?
1
Let v = -192 + 316. Calculate the remainder when v is divided by 10.
4
Let t(n) = -2*n**3 - 2*n**2 + 2*n - 2. What is the remainder when 88 is divided by t(-3)?
4
Let n(b) = b**2 - 3*b - 1. Let d be 18 + -17 - 6/2. What is the remainder when 15 is divided by n(d)?
6
Let b(p) = 57*p**2 + p - 1. Suppose 945*f + 90 = 948*f. Calculate the remainder when b(1) is divided by f.
27
Let c be (-6)/(-8) + (-2 - (-366)/24). Suppose -c*y + 52 = -12*y. What is the remainder when 99 is divided by y?
21
Suppose -d + b + 16 = -2*b, -d = -2*b - 18. What is the remainder when 40/140 - (-1460)/35 is divided by d?
20
Let z(u) = 9*u**2 + 2*u + 1. Suppose 2*y + 297 = 3*c + 45, -3*c + 4*y = -252. Suppose -8*l = -4*l - c. What is the remainder when z(2) is divided by l?
20
Suppose 126*n - 116*n - 1160 = 0. Calculate the remainder when n is divided by 62.
54
Let g be -1 + 28 - (14 + -12). Let w = 5 - g. Let r = w + 32. What is the remainder when r is divided by 3?
0
Suppose 0*b = 5*b. Suppose -t = 4*c - 10, -2*c + 68 = 4*t - b*c. What is the remainder when t is divided by -6 + 5 - -11*1?
8
Suppose 63 = -10*o + 123. What is the remainder when 9 is divided by o?
3
Suppose 0 = 8*q + 3*q - 11. What is the remainder when q/((-8)/(-158)) + 3/12 is divided by 7?
6
Let t(g) = -g**3 + 12*g**2 + 10*g - 48. What is the remainder when t(11) is divided by 6?
3
Let k = 529 + -280. What is the remainder when k is divided by 2323/46 - (-3)/18*-3?
49
Suppose 6*z = 4*z + 2, 184 = 5*d + 4*z. Let b = 1038 + -895. What is the remainder when b is divided by d?
35
Suppose 0 = 3*w + 3*x + 64 - 196, 0 = 4*x - 8. What is the remainder when 287 is divided by w?
35
Suppose 4*a - 29 = -5*f + 813, 5*f = a + 852. Calculate the remainder when f is divided by 6.
2
Let y(s) = 3*s**2 - 2*s. Let m be y(2). Suppose 14 + 10 = 2*h. What is the remainder when h is divided by m/(0 + 3 + -1)?
0
Suppose -2*w = 2, -2*x = -6*x - w + 83. Let q = 3 - 1. Suppose -a - r + 41 = a, -3*r - x = -q*a. Calculate the remainder when 53 is divided by a.
17
What is the remainder when 85 is divided by 21 + 4/20 + 27/15?
16
Let h = -52 + 31. Let d = -10 - h. What is the remainder when 29 is divided by d?
7
Let j(v) = v**2 + 40*v + 75. Let z = -35 + 89. What is the remainder when j(-42) is divided by z?
51
Let s = -66 - -116. Suppose -q = 5*d - d - 10, -5*q + d = -s. Calculate the remainder when 29 is divided by q.
9
Let x be 2 - -196 - (-1 + 2). Let p = x + -138. Let q = -320 - -332. What is the remainder when p is divided by q?
11
Suppose -3*a + 3 + 45 = 0. Suppose -2*f - 1 = 15. Let g = f - -11. Calculate the remainder when a is divided by g.
1
Let n be (6/(-8))/(9/(-24)). Suppose 0 = x - 1, n*g - 5 = -5*x. Calculate the remainder when 123 is divided by g + 34 - (-3)/(-1).
30
Suppose 4*b = -2*s + 68, -51*b + 56*b = -2*s + 85. Calculate the remainder when 115 is divided by b.
13
Let h = 117 + -72. Suppose -7*t + 10*t - h = 0. Suppose -l = -2*c + t, l = 3*c + 3 - 27. Calculate the remainder when c is divided by 3.
0
Let r = 323 - 267. What is the remainder when 194 is divided by r?
26
Let c be 20/25*(-25)/(-2). Suppose -c = b - 12. Calculate the remainder when 6*((-8)/3)/(-4) is divided by b.
0
Let f(i) = 2*i + 19. Calculate the remainder when 152 is divided by f(-7).
2
Let q = -6 + 8. Let k = 42 - 40. What is the remainder when (k/(-3))/(q/(-39)) is divided by 7?
6
Let y be 3*(-33)/(-27)*-144. Calculate the remainder when (y/(-40))/(2/5) is divided by 18.
15
Let i = 8 - -6. What is the remainder when 67 is divided by i?
11
Suppose -2*q + 0*q = 4*f - 24, 3*q - f = 1. What is the remainder when ((-417)/(-6))/((-2)/(-10 + q)) is divided by 70?
68
Suppose 10 = 5*o, 4*c - 2*o - 2072 - 1656 = 0. Let x = c - 654. What is the remainder when x is divided by 56?
55
Let b(r) = -r**3 - 4*r**2 - r - 1. Suppose -4*a - 25 = 5*h, 5*a + 2*h - 9 = -36. Calculate the remainder when b(a) is divided by (2 - (-12 + -3)) + -7.
9
Suppose 9*h + 25*h - 612 = 0. Calculate the remainder when 114 is divided by h.
6
Let j(m) = -m**2 - 14*m - 10. Let s be -1 - (2 + -16 + 4). Let f = -21 + s. What is the remainder when 55 is divided by j(f)?
13
What is the remainder when 3/((4 - -4)/1992) is divided by 15?
12
Let m = 856 - 824. Let b = 5 - -2. Calculate the remainder when m is divided by b.
4
Let f = 1080 + -983. Calculate the remainder when f is divided by -20*1/1*-1.
17
Let z(u) = 5*u + 21. What is the remainder when z(10) is divided by 15 + 1/3 + 16/6?
17
Suppose 2*k + u = 11, 5*u - 9 = -k + 10. Suppose 0 = 4*h + 2*i - 442, 4*h + k*i + 133 = 5*h. Let n = -32 + 70. What is the remainder when h is divided by n?
37
Suppose 32*f - 240 = 36*f. Let u = -55 - f. Calculate the remainder when u is divided by 1/(-1)*(3 - 7).
1
Let k be 2*2/4*(-1 - -6). Suppose -5*p = 0, -s + 21 = -k*p + 2. Let m(y) = y**2 - 13*y + 5. Calculate the remainder when m(15) is divided by s.
16
What is the remainder when 65 is divided by 0 + (7 - 0) + (36 - -1)?
21
Let o = -10 - -6. What is the remainder when ((-162)/o)/(3/4) is divided by 14?
12
Suppose -7*v = -4*c - 8*v + 128, -2*c = 2*v - 58. Let s = -9 + c. Calculate the remainder when s is divided by 5.
4
Let o(n) = 12*n - 440. What is the remainder when 293 is divided by o(38)?
5
Let q = 74 + -109. What is the remainder when 8*(10/q - 201/(-42)) is divided by 14?
8
Let d = 16 - -36. Suppose v = -2*c + d, 3*c - 9 = 3*v + 78. Suppose 0 = 5*a + p - 391, -5*a + 411 = 256*p - 260*p. What is the remainder when a is divided by c?
25
Let g(t) = 11*t + 188. Calculate the remainder when 91 is divided by g(-14).
23
Let v(a) = a**3 + 58*a**2 - 56*a + 252. Calculate the remainder when 595 is divided by v(-59).
70
Suppose j = 188 - 69. Calculate the remainder when j is divided by 24.
23
What is the remainder when (-1101)/36*3*-4 is divided by 41?
39
Let x(n) = n + 3. Let j(f) = 3*f**2 + 3*f. Suppose 8 = -0*u - 4*u. Calculate the remainder when j(u) is divided by x(1).
2
Let v(w) = w**2 - 11*w + 13. Let s be v(10). Suppose -x + 97 = 2*d - 55, 0 = -s*d - 5*x + 221. What is the remainder when d is divided by 29?
19
Let d be (0 - -1)*(-18)/2. Let s = d - -13. Suppose -5*g + 400 = 3*j, 5*g - g - 312 = -s*j. Calculate the remainder when g is divided by 21.
20
Suppose 0*j + 54 = 6*j. Suppose -120 = j*b - 813. Calculate the remainder when b is divided by 16.
13
Let q = 278 - 265. What is the remainder when 99 is divided by q?
8
Let d(q) = 52*q**3 - 2*q + 1. What is the remainder when d(1) is divided by 19?
13
What is the remainder when ((-75)/20)/((-4)/688) is divided by 17?
16
Suppose 52 = 4*v - 4*g, -g + 0*g - 33 = -3*v. Let t be 105/v + 2/(-4). What is the remainder when 51 is divided by -1 + 24 + t + -6?
24
Let l(m) = 7*m**2 - 8*m + 5. Calculate the remainder when 43 is divided by l(2).
9
Let l = 10 + -2. Suppose 4*j - 24 = 56. Let k = 25 - j. What is the remainder when l is divided by k?
3
Let m = 21 + 22. Let c(w) = -2*w - 6. Let o be c(-5). Suppose o*q + d - 4 = 39, 2*d = -10. What is the remainder when m is divided by q?
7
Suppose a - 5*a = 3*f - 31, -4*f = -a + 3. Suppose -3*u = -a*u - 4. Calculate the remainder when (23 + u)/((-4)/(-6)) is divided by 9.
6
What is the remainder when 51 is divided by (8/(-5))/(-3 + 824/280)?
23
Suppose u = -5*o - 1 - 4, 4 = -3*u - 4*o. Suppose u = -0*l - 5*l + 120. Suppose -l = -5*d + 31. Calculate the remainder when 19 is divided by d.
8
Suppose -2*y + 6 = -4*y, -5*y + 109 = 4*i. Suppose -1393 = -36*g + 4151. What is the remainder when g is divided by i?
30
Suppose 5*t + 2*k - 496 = 0, -190 = -4*t + 2*t - 5*k. Let g = t + 4. What is the remainder when g is divided by 21?
20
Suppose -y + 233 = -18*a + 22*a, 3*a = 3*y + 171. What is the remainder when 1448 is divided by a?
56
Let c(a) = -12*a - 6. Let v be c(-4). Suppose 20 = t - v. What is the remainder when t is divided by 22?
18
Let v(z) be the third derivative of -z**4/24 + 11*z**3/6 + 6*z**2. Calculate the remainder when 7 is divided by v(8).
1
Let w = 56 + -37. Suppose 0 = 5*i + j - 60, 0 + w = 4*i - 5*j. Calculate the remainder when 41 is divided by i.
8
Suppose -192*x + 183*x = -117. Calculate the remainder when x is divided by 9.
4
Let q = -51 - -41. Let g(x) = x**2 + 4*x - 24. Calculate the remainder when g(q) is d